at is -60 (base 10) in base 13?
-48
Convert 43233 (base 5) to base 8.
5577
-3916 (base 12) to base 7
-24642
Convert -11011110000 (base 2) to base 4.
-123300
-576 (base 8) to base 15
-1a7
Convert 2b (base 12) to base 9.
38
What is -391 (base 11) in base 9?
-564
-3105 (base 6) to base 14
-373
Convert 1017 (base 15) to base 8.
6505
What is -80893 (base 10) in base 12?
-3a991
Convert 1010001001 (base 2) to base 10.
649
Convert -38447 (base 9) to base 16.
-651a
Convert 1101000001101 (base 2) to base 6.
50513
1140 (base 6) to base 7
543
Convert -3212 (base 7) to base 8.
-2160
Convert 220130 (base 4) to base 11.
1a43
-2000104 (base 5) to base 9
-46814
Convert -100012 (base 3) to base 4.
-3320
1434 (base 11) to base 16
73c
-3072 (base 13) to base 2
-1101000011100
What is -1020000 (base 3) in base 13?
-537
What is -3057 (base 14) in base 2?
-10000001110101
24311 (base 7) to base 9
8612
What is -11103 (base 4) in base 10?
-339
What is 3a4 (base 16) in base 9?
1245
64c (base 16) to base 7
4462
What is -802e (base 16) in base 15?
-9ac9
1341413 (base 5) to base 3
1102001011
1100021 (base 3) to base 10
979
Convert -19c2 (base 13) to base 8.
-7444
What is 1000001111 (base 2) in base 4?
20033
-3056 (base 11) to base 12
-241a
Convert -2a3 (base 12) to base 13.
-258
What is 20010 (base 4) in base 5?
4031
Convert -100635 (base 7) to base 10.
-17127
Convert 13a (base 12) to base 13.
118
What is 19d (base 14) in base 10?
335
Convert -13220001 (base 4) to base 6.
-400333
Convert -2010021 (base 3) to base 14.
-7c6
-17401 (base 8) to base 5
-223222
What is 522013 (base 6) in base 8?
121671
-1e12 (base 15) to base 3
-22222022
Convert 458 (base 15) to base 9.
1312
What is 111101101110111 (base 2) in base 6?
402155
Convert -1205 (base 12) to base 4.
-133211
Convert -a69d (base 16) to base 3.
-2011111202
Convert 77c0 (base 16) to base 6.
353532
Convert 68846 (base 9) to base 16.
b340
-10324 (base 7) to base 15
-b61
What is 3010110 (base 4) in base 8?
30424
-232610 (base 7) to base 9
-63308
-53 (base 10) to base 14
-3b
Convert -15655 (base 7) to base 8.
-10542
Convert -13165 (base 9) to base 16.
-22b8
-110111 (base 2) to base 8
-67
What is -2442000 (base 5) in base 6?
-555140
Convert 100110111110000 (base 2) to base 3.
1000100222
Convert -f8 (base 16) to base 3.
-100012
What is -121001002 (base 3) in base 4?
-2312231
Convert -1021012 (base 3) to base 10.
-923
131 (base 13) to base 6
545
15596 (base 10) to base 14
5980
Convert -a315 (base 11) to base 10.
-13689
Convert -2648 (base 12) to base 8.
-10430
-338 (base 10) to base 12
-242
What is 17301 (base 11) in base 6?
304334
What is 7fbd (base 16) in base 14?
bcbb
3668 (base 13) to base 5
221231
What is 1022200001 (base 3) in base 5?
1313002
-2163 (base 9) to base 3
-2012010
What is -174 (base 12) in base 15?
-107
What is -13145 (base 6) in base 10?
-2009
What is -24256 (base 8) in base 14?
-3b1c
-12853 (base 10) to base 8
-31065
Convert -22415 (base 7) to base 2.
-1011001000000
What is -7b7 (base 14) in base 11?
-1174
31275 (base 10) to base 2
111101000101011
Convert 739 (base 10) to base 6.
3231
Convert -12512 (base 7) to base 11.
-2568
Convert 1010000001000 (base 2) to base 4.
1100020
Convert 41434 (base 6) to base 15.
19b1
6eb (base 15) to base 6
11135
What is -1d5b (base 15) in base 4?
-1203302
What is -1042 (base 7) in base 12?
-271
Convert -44524 (base 10) to base 14.
-12324
What is 227b4 (base 13) in base 8?
172576
Convert -43a0 (base 16) to base 14.
-6448
What is 7630 (base 16) in base 13?
10a05
Convert -830 (base 9) to base 14.
-363
-774 (base 10) to base 3
-1001200
-346 (base 12) to base 11
-402
Convert -2332 (base 6) to base 15.
-275
What is 15cb (base 16) in base 5?
134304
Convert -778 (base 9) to base 3.
-212122
-1330031 (base 5) to base 9
-40788
-770d (base 14) to base 5
-1124333
What is 1338 (base 11) in base 6?
12011
Convert -31171 (base 10) to base 15.
-9381
What is -3b9b (base 16) in base 8?
-35633
Convert 6d25 (base 14) to base 8.
45145
What is -6 (base 9) in base 6?
-10
Convert 112021 (base 8) to base 9.
56886
-2644 (base 14) to base 9
-10201
111010 (base 5) to base 10
3880
Convert -2215 (base 7) to base 5.
-11141
-1088 (base 10) to base 13
-659
320 (base 9) to base 12
199
Convert -2641 (base 12) to base 16.
-1111
Convert -1d2b (base 14) to base 12.
-3103
Convert -1b4 (base 14) to base 16.
-162
What is 2c (base 16) in base 12?
38
What is 111101 (base 2) in base 8?
75
Convert -6a8 (base 13) to base 2.
-10010000000
What is 11353 (base 6) in base 9?
2236
Convert 4472 (base 11) to base 8.
13377
Convert -10100000 (base 2) to base 3.
-12221
11110011110 (base 2) to base 13
b70
c67 (base 14) to base 15
acd
What is 17137 (base 12) in base 5?
2024034
What is -122dc (base 16) in base 5?
-4340320
Convert -11101000 (base 2) to base 8.
-350
Convert 21012020 (base 3) to base 6.
40140
-3377 (base 8) to base 3
-2110100
Convert -206541 (base 7) to base 12.
-18976
What is 11514 (base 8) in base 13?
2330
What is -4324 (base 6) in base 16?
-3dc
-501 (base 8) to base 12
-229
-626 (base 10) to base 13
-392
-22011 (base 5) to base 15
-6a6
-2a94 (base 15) to base 14
-348b
1001000111100 (base 2) to base 13
2181
Convert 314 (base 5) to base 13.
66
What is 906 (base 11) in base 12?
773
What is 9fe0 (base 16) in base 13?
15824
What is -2697 (base 10) in base 8?
-5211
Convert -d11 (base 16) to base 8.
-6421
Convert -280 (base 15) to base 13.
-34b
-77 (base 9) to base 16
-46
Convert -1c9e (base 15) to base 14.
-23a8
Convert 903 (base 15) to base 14.
a4c
7bc (base 14) to base 13
914
-233011 (base 5) to base 11
-6433
-6028 (base 13) to base 11
-9a25
3a6 (base 13) to base 5
10033
Convert -1430515 (base 6) to base 16.
-13faf
-121525 (base 7) to base 11
-15767
What is -143 (base 5) in base 13?
-39
Convert -155121 (base 8) to base 7.
-321641
Convert 288b (base 12) to base 6.
33455
What is 1632 (base 10) in base 5?
23012
What is -15591 (base 10) in base 8?
-36347
-8377 (base 12) to base 5
-424342
110111110001101 (base 2) to base 12
14639
-115 (base 9) to base 16
-5f
Convert 5b26 (base 13) to base 2.
11001001001100
-1490 (base 13) to base 3
-11002202
71 (base 9) to base 11
59
What is 21212 (base 3) in base 16?
d4
Convert -11312 (base 6) to base 16.
-65c
Convert 427 (base 13) to base 8.
1305
Convert -3415 (base 8) to base 2.
-11100001101
What is 4230 (base 5) in base 14?
2c5
2233 (base 5) to base 13
1b6
Convert 111021 (base 5) to base 6.
25554
What is -2d6 (base 14) in base 12?
-404
Convert 10101100011 (base 2) to base 4.
111203
1210120 (base 4) to base 12
3874
Convert -17284 (base 10) to base 6.
-212004
What is -10324 (base 12) in base 14?
-7a20
What is -4451 (base 8) in base 7?
-6560
Convert 17417 (base 9) to base 2.
10111011100100
What is -2672 (base 12) in base 16?
-1136
Convert -2232330 (base 4) to base 3.
-120100200
-33 (base 13) to base 6
-110
-a71 (base 15) to base 2
-100100110100
Convert -9a5 (base 14) to base 11.
-1486
-1001101001110100 (base 2) to base 8
-115164
Convert -20211120 (base 3) to base 7.
-20346
-2532 (base 11) to base 2
-110011100110
What is -19081 (base 10) in base 6?
-224201
What is -2003 (base 7) in base 6?
-3105
What is -1485 (base 9) in base 7?
-3203
Convert -1143 (base 6) to base 5.
-2104
What is 386 (base 14) in base 3?
222011
What is -635 (base 10) in base 11?
-528
Convert 361 (base 12) to base 13.
2cb
What is 22211001 (base 3) in base 6?
45431
46b1 (base 12) to base 13
37a5
Convert 767d (base 16) to base 2.
111011001111101
What is 2ec (base 15) in base 16?
2a0
What is 2112122110 (base 3) in base 11?
34664
12120 (base 4) to base 15
1c3
-6c3 (base 14) to base 16
-543
What is 12128 (base 10) in base 6?
132052
What is -1122021002 (base 3) in base 13?
-118c1
Convert -1160 (base 8) to base 4.
-21300
Convert 1a8 (base 13) to base 6.
1231
Convert -299 (base 14) to base 15.
-252
-43cb (base 13) to base 3
-110222110
What is 13310013 (base 4) in base 16?
7d07
What is -2e12 (base 16) in base 7?
-46246
6b1 (base 12) to base 13
5b9
Convert -344 (base 12) to base 11.
-400
Convert 10211 (base 3) to base 9.
124
What is -3c (base 13) in base 3?
-1220
Convert 3980 (base 13) to base 10.
8216
Convert -130026 (base 7) to base 11.
-17066
Convert 24766 (base 9) to base 4.
10010121
2553 (base 6) to base 11
537
Convert -649 (base 1